?
True
Suppose 11*u - 7*u + 4 = 0. Is (-4)/10*u - (-8281)/35 composite?
True
Let r = 60 + 810. Let v = -427 + r. Is v a composite number?
False
Let o = 7258 - 4937. Is o prime?
False
Suppose -2*y + 11 + 3 = 0. Let r(s) = -33*s + 3. Let p(j) = -49*j + 6. Let i(c) = 5*p(c) - 8*r(c). Is i(y) a composite number?
False
Suppose 14*q - 1764 = 44142. Is q a composite number?
True
Is 1991845/45 - (-12)/(-54) a composite number?
False
Suppose -3*r + 4 + 8 = 0. Suppose 3*d - 5853 = -3*f, 3721 = 5*f + r*d - 6032. Is f a prime number?
True
Let l = 20 - 14. Suppose 2*t + 3*v - l*v = 674, 0 = 5*v + 20. Is t a prime number?
True
Let u be 2 - 3/(12/40). Let i be u - 0 - (3 - 5). Is (-380)/i*(-3)/(-2) composite?
True
Let w(s) = 4*s - 488. Let q be w(0). Let z = q + 1045. Is z prime?
True
Let s(m) = -m**3 + 21*m**2 + 42*m + 21. Is s(20) composite?
True
Suppose -3*z + 4*r + 80 = 2*r, 130 = 5*z - 4*r. Is (0 - -2) + z/6 + 2284 a composite number?
True
Suppose 9 - 29 = -5*a. Suppose -5*q + 197 = -2*l, -a*q - 3*l + 111 = -42. Is q prime?
False
Suppose 0 = -0*g + 3*g. Suppose i - 4 - 52 = g. Suppose -i = -4*o + 20. Is o a composite number?
False
Is (-1011)/(0 + -2 - -1) composite?
True
Let o be (-204)/(-10) + 17/((-340)/8). Let v = o + 273. Is v a prime number?
True
Let y be 4/12*-3*-633. Let m = -370 + y. Is m prime?
True
Suppose 24*r - 22*r + 15095 = 3*q, 4*r = -2*q + 10074. Is q a prime number?
False
Let k(o) = 233*o**2 - o - 1. Let p = 5 + -3. Suppose -3*s + p*s - 1 = 0. Is k(s) prime?
True
Let z(r) = -3*r + 14. Let f be z(-8). Let q = f + -35. Suppose -q*j + 1455 = -492. Is j a prime number?
False
Suppose -14 = s + 2*j + 67, -3*s - 5*j = 240. Let n(t) = 365*t - 3. Let r be n(1). Let v = s + r. Is v a prime number?
False
Suppose 3*m = p - 219, 0 = -6*p + p - 5*m + 1175. Suppose 4*l = 2*n - 20, -l - 5 = 2*n - 0*l. Suppose -3*f + p = -n*f. Is f a composite number?
True
Let w = 20 + -19. Let f = -11 + w. Is (-8)/20 + (-2714)/f a composite number?
False
Let j be (1*2)/(-2*3/(-1098)). Suppose 0 = 2*x - 5*o - 1013 + 226, j = x + 3*o. Is x a prime number?
False
Let m = -8 - -8. Suppose m*v = -v + x + 1328, -x = 3*v - 3972. Suppose 0*t - v = -5*t. Is t composite?
True
Let o = 14 - 14. Suppose o = -2*y - 5*t, 5*y - 3*t - 33 = t. Is (0 - 1)*(y + -199) prime?
False
Let r be (-3)/(-2 + -2 + 1). Suppose -3*y = -5*g - 6, -y + 1 = -2*g - r. Is 2*1 - (-898)/y prime?
False
Suppose 106*t = 104*t + 2176. Let s = -474 + t. Is s a composite number?
True
Suppose -16*y + 20*y = -896. Is (186/(-24))/(4/y*2) a composite number?
True
Let z(m) = 9295*m**3 + m**2 - 7*m + 3. Is z(2) a composite number?
False
Suppose 19 = -3*w - 2. Let a be 4*4/(-56)*w. Is 4 - (0 - a - 1) a prime number?
True
Let h = 1571 + 2498. Is h composite?
True
Suppose 0 = q + 5*t - 12187, 0 = -11*q + 10*q + 2*t + 12201. Is q a composite number?
False
Let i = 2 + 122. Suppose -19 - i = -a. Is a prime?
False
Let s(u) = 225*u - 2. Suppose 0 = 3*m - 2*m - 1. Is s(m) a prime number?
True
Let f(h) = -123*h - 1. Let v = -5 + 1. Is f(v) a composite number?
False
Suppose 5*s = -13*s - 3888. Suppose -4*l = -3*x + 1387, -3*l - 352 - 672 = x. Let c = s - l. Is c a prime number?
True
Is 7 + (-3 - 2307*-2 - -3) composite?
False
Is (-46502)/(-4)*(39 - 11)/14 a composite number?
False
Suppose 0 = -0*a - 2*a + 10. Let r be (-4)/((-4)/3)*205. Suppose -4*h = -a*m - r, 2*h + 5*m - 149 = 166. Is h a composite number?
True
Let w be -3 - 9/((-45)/10). Let z = 50 + w. Is z a prime number?
False
Suppose 3*g = -3*j, -3 + 2 = g. Is (2/j)/(28/1078) a composite number?
True
Let z = -3858 - -5888. Suppose 2*d = -3*p + z, -557 = -d + 3*p + 440. Is d a composite number?
False
Let m(k) = -k**3 - 4*k**2 + 5*k + 5. Let n be m(-5). Suppose -5*w + 1028 = i, 2*i + n*w - 1701 - 370 = 0. Is i a composite number?
True
Let j(g) = -21*g + 15. Let n be j(-9). Suppose 57 = m + 4*h + 6, -4*m - 4*h + n = 0. Is m a composite number?
True
Let h(t) = -5. Let u(z) = -11*z**2 + 5 + 0 + 12*z**2. Let r(d) = 5*h(d) + 4*u(d). Is r(-11) a composite number?
False
Is 41771 + -7 - (-3 - 0) - -4 prime?
True
Suppose 5*v + 5*u - 3746 - 1229 = 0, 4*v + 5*u - 3980 = 0. Suppose p - v = 696. Is p a composite number?
True
Suppose 160 = 2*r + 10*m - 5*m, m = -2. Let w(x) = -14*x**3 - 3*x**2 - 4*x - 2. Let k be w(-2). Let g = r + k. Is g prime?
True
Let f(h) = -4*h**2 + 4*h + 2. Let i be f(9). Suppose 5*a = 5*y + 706 + 2069, 2*y - 3*a = -1114. Let p = i - y. Is p prime?
False
Let k be 1/(-4) - 153/(-68). Suppose -k*n - 483 = -5*n. Is n a composite number?
True
Let n(y) = 178*y + 89. Is n(6) prime?
False
Let p be (-339)/2 - (-1 - 6/(-4)). Let y = -81 - p. Is y a prime number?
True
Let t(b) = -b**3 + 5*b**2 - 3*b - 2. Let l be t(4). Suppose -l*a + 2051 = 5*a. Is a composite?
False
Let t be (-25 + 2)/(4/(-20)). Suppose -4*b = -3*w - 1597, 5*b = w + 1895 + t. Is b a prime number?
False
Let g be (-26)/(-91) + (-32457)/(-7). Suppose -4*w + g + 743 = 0. Is w a prime number?
False
Let g be ((205/3)/1)/((-9)/27). Let v = -92 - g. Is v a composite number?
False
Suppose -2*o = -3*n - 2363, -4*o + 2*n + 1324 = -3398. Suppose 0 = 13*g - o + 153. Is g composite?
False
Suppose 3*f = -3*i - i + 23, -f - i = -7. Suppose 4*z - f*g = 428, 0 = -2*z - g + 148 + 52. Suppose 0*x - 4*x = 3*a - 184, -4*a = 2*x - z. Is x composite?
False
Suppose 2*w = 6*w + 40. Let o = 14 + w. Is -1 + 108/(8/o) composite?
False
Let b = 11 - 3. Suppose -60 = -19*l + 24*l. Is (-2817)/l - (-2)/b composite?
True
Suppose -42254 + 127626 = 28*q. Is q prime?
True
Let h(v) = -v**3 - 7*v**2 + 8*v - 3. Let f be h(-8). Let o(n) = 64*n**2 + 4*n - 2. Let r be o(f). Let d = -207 + r. Is d composite?
True
Suppose 0 = 21*o + 7*o - 666652. Is o prime?
False
Let l(d) = -3*d**2 - 3 + 3*d - 3 + 2 + 0 - d**3. Let y be l(-4). Suppose -j + 24 + 163 = y. Is j composite?
True
Let p(v) = -v**3 + 5*v**2 - 2*v + 10. Suppose 8 = 4*d - 4, 0 = -n + 2*d - 1. Let z be p(n). Suppose z = -4*m + 2*m, -4*s + m = -844. Is s a prime number?
True
Suppose -2*c - 4*b = -7*b - 32367, 5*b - 48522 = -3*c. Is c a prime number?
False
Let f(c) = c**3 + 12*c**2 + 2*c + 18. Let p be f(-12). Let n = -4 - p. Suppose -y - n*y = -483. Is y a composite number?
True
Suppose 4*g - 91 = -5*j, -2*j - g + 10 = -27. Let v = j - 14. Is v - (-12)/(-4) - -155 prime?
True
Let o(k) = -k**2 + 16*k - 24. Let l be o(14). Suppose -2*q = l*x - 31 - 427, 0 = 3*q + 5*x - 691. Is q composite?
True
Suppose 4388 = -7*o + 1224. Let i = 33 - o. Is i prime?
False
Let n(u) be the first derivative of -u**3/3 + u**2/2 + 251*u - 2. Suppose -40*v + 35*v = 0. Is n(v) prime?
True
Suppose -140900 = -49*k + 82589. Is k a composite number?
False
Suppose 5 = 18*z - 19*z. Is (-6 - -2 - z)*331 a prime number?
True
Let c(p) = p - 1. Let z(w) = 3*w**3 + 2*w**2 - 5*w + 10. Let j(q) = -c(q) + z(q). Is j(6) a prime number?
False
Let x(s) be the third derivative of s**7/168 - s**6/120 + s**5/40 - s**4/8 - s**3/3 + s**2. Let f(u) be the first derivative of x(u). Is f(2) composite?
False
Suppose -3*p - 3*g - 6 = 0, -p + 4*g + 26 = 4*p. Suppose 717 + 285 = p*c. Is c a composite number?
True
Suppose 0*h = -3*h - 3*n + 15234, 4*h - 5*n = 20321. Is h prime?
False
Let w(t) be the second derivative of 51*t**5/20 + t**4/6 - t**3/6 + 4*t. Let g be w(1). Suppose -g = -k + 159. Is k prime?
True
Let c be (-1)/5 - (-112)/10. Suppose -3 = -c*t + 8*t. Let x = 12 - t. Is x a prime number?
True
Let u(x) = 77*x + 7. Let k(a) = a + 1. Let s(q) = -7*k(q) - u(q). Let v be s(-11). Suppose -151 = 3*r - v. Is r composite?
True
Let r(q) = -2*q - 51. Let u be r(-27). Suppose -3*g - 3 = 0, -3779 = -3*z - g - u*g. Is z a prime number?
False
Suppose -5*k + 18615 = d - 351, 0 = -3*k - 2*d + 11381. Is k composite?
False
Suppose -6*w - 14971 = -10*w + 5*k, 0 = -3*w + 5*k + 11232. Is w a prime number?
True
Let v(y) = 139*y - 6. Let q(a) = a**3 - 11*a**2 + 11*a - 3. Suppose r = n + 5, r - 3*n = -n. Let m be q(r). Is v(m) a prime number?
True
Let p = 72565 - 5252. Is p prime?
False
Let y(u) = 6*u**3 + 7*u**2 - 16*u - 4. Let w(n) = -n**3 + n**2 - 1. Let p(c) = 5*w(c) + y(c). Is p(-12) prime?
False
Suppose -3*f + 9 = -0*f - 5*d, 4*d = -2*f + 6. Suppose -27 = -h - 4*j, 0*h - 13 = -4*h + f*j. Is (-24)/84 - (-933)/h a composite number?
True
Let m = 2069 + -1130.